57, -59 = -4*g + 5*u. List the prime factors of g.
3, 7
Let i = 5 + 3. Suppose -3*a + 45 = 2*n, -2*n - 2 = -i. What are the prime factors of a?
13
List the prime factors of (-1 - (-9)/5)/(122/18605).
2, 61
Suppose -r + 76 + 59 = 0. What are the prime factors of r?
3, 5
Suppose 2*p = -3*k + 115, -118 = -2*p + 2*k - 6*k. List the prime factors of p.
53
What are the prime factors of (776/(-16))/(1/(-2))?
97
Let d(c) = -c**2 - 6*c - 3. Let p be d(-5). Suppose -4*l - x + 141 = 0, -2*l + 0*l + 4*x = -66. Suppose 9 = -p*j + l. What are the prime factors of j?
13
Suppose 0 = 3*i - 7 + 1. Suppose x = j + 5, 0 = 3*x + 2*j + i*j - 50. What are the prime factors of x?
2, 5
Let a(s) = 5*s**2 - 12*s + 20. What are the prime factors of a(7)?
181
Suppose -3*q + 48 = 3*k - 129, -5*q = 3*k - 285. List the prime factors of q.
2, 3
Suppose -k = 13*n - 9*n - 264, 4*k = -5*n + 341. List the prime factors of n.
5, 13
Let s(c) = -c**3 - 2*c**2 + 4*c - 4. Let w be s(-4). Let l = w + -7. Suppose -5*j + 50 = l*x, -j - 2*j + 2*x = -40. What are the prime factors of j?
2, 3
List the prime factors of ((-13)/4)/(2/(-56)).
7, 13
Suppose -2*m - 54 = -5*m. What are the prime factors of m?
2, 3
Let i = 33 + -65. Let z = -15 - i. What are the prime factors of z?
17
Suppose -w + 10 = -2. List the prime factors of w.
2, 3
Let o = 145 + -209. Suppose 1 = 2*l - 3. What are the prime factors of o/6*(-3)/l?
2
Let o(t) = -t**3 + 6*t**2 + 10*t + 1. Let w be (-4)/10 - (-37)/5. What are the prime factors of o(w)?
2, 11
Let t be 30/((-2)/28*-4). Suppose 0 = h + g - 13, -5*h - g = -6*g - t. Suppose -r = -5*w - 3*r + 26, 5*w - r - h = 0. What are the prime factors of w?
2
Let o(x) = 83*x**3 + x**2 + x - 1. List the prime factors of o(1).
2, 3, 7
Let f(k) = -k**2 + 5*k + 3. Let w(p) = p**2 + p. Let q(b) = f(b) - 2*w(b). Let n be q(-2). Let h = 26 + n. List the prime factors of h.
11
Let n(q) = -q**3 + 12*q**2 - 7*q + 24. List the prime factors of n(10).
2, 7, 11
Let f(i) = -i**3 - 8*i**2 - 5*i + 4*i + 11 + 17*i**2. List the prime factors of f(9).
2
Let w(h) = h**3 - 8*h**2 + 9*h - 1. Let s(p) = -p**3 + 8*p**2 - 10*p + 1. Let t(k) = -5*s(k) - 6*w(k). What are the prime factors of t(7)?
2, 11
Let p(u) = -u**2 + 3. Let k be (-4 + 4)/(4/(-2)). List the prime factors of p(k).
3
Let x = 0 - -1. Suppose 0 = -4*o - x - 15. What are the prime factors of 12 + -2 + o/(-2)?
2, 3
Suppose 0 = -5*n + 4*n + 25. What are the prime factors of n?
5
Let w = 40 - -15. List the prime factors of w.
5, 11
Let z be 21/(-6) + (-2)/(-4). Let r = 0 - z. Suppose -r*t = 3*d - 57, t - 55 = -3*d - 0*t. List the prime factors of d.
2, 3
Let h(k) be the first derivative of 7*k - 1/3*k**3 - 3 + 4*k**2. What are the prime factors of h(8)?
7
Let j(m) be the second derivative of -2/3*m**3 - 3*m + 1/4*m**4 + 0 + 1/2*m**2. What are the prime factors of j(3)?
2
Let q = -113 + 165. Suppose 0 = 3*i - i - q. Suppose i - 4 = 2*k. List the prime factors of k.
11
Let j(n) = 3*n + 2. Let v be (-2)/4*(-6 + -2). Let u be j(v). Suppose -u = -5*g + 26. List the prime factors of g.
2
Let d(x) = x + 27. List the prime factors of d(-13).
2, 7
Let p(w) = -w + 2. Suppose b = 2 - 0. Let g be p(b). Suppose -z + 2*z - 5 = g. List the prime factors of z.
5
Suppose -5*f - q + 4*q = -95, 3*f + 2*q = 76. List the prime factors of f.
2, 11
Let s(d) = -d + 1. Let f be s(0). Suppose f = -i + 4. Suppose 4*b + 16 = -i*x + 38, 0 = x + 4*b + 6. List the prime factors of x.
2, 7
List the prime factors of (-692)/(-12) - (-4)/12.
2, 29
Let v be (2/5)/((-2)/(-10)). Suppose -2*a + 30 = -20. Suppose -5*n - a = -f, v*f + 3*n + 1 = -1. What are the prime factors of f?
5
Suppose -2*b = -i - 96, 5*b - 3*i - 190 = b. Suppose 5*t = 31 + b. List the prime factors of t.
2
Let r = -48 - -87. List the prime factors of r.
3, 13
Let a be 192/14 - (-16)/56. Suppose 6 = -3*y + 4*z, -4*y + z - 3*z + a = 0. Suppose -q - y + 7 = 0. List the prime factors of q.
5
Suppose 3*s + 2*p + 32 = -0*s, -3*s + 3*p - 42 = 0. Let b = 33 + s. Suppose -u = -5*c + 35, 3*c - b = 2*u + 3*u. What are the prime factors of c?
7
What are the prime factors of (6/(-2) - -4) + 2?
3
List the prime factors of 18/(-24)*-4 - -128.
131
Suppose 5*o - 48 = 552. Let b be (2 - -1)/((-18)/o). Let y = -12 - b. What are the prime factors of y?
2
What are the prime factors of (10 - 9) + -1 + 37?
37
Suppose -3*j + 6 = -2*u + 19, 0 = -3*j - 2*u - 29. Let f be j/((-14)/12)*-1. Let i = -4 - f. List the prime factors of i.
2
Let a(c) = c + 6. Let l be 1*(2 + -2) - 6. Let v be a(l). List the prime factors of (-1 + 0)*(v + -3).
3
Suppose 0 = -2*m + 10*m - 448. List the prime factors of m.
2, 7
Let m be 533/91 + (-2)/(-14). Let w(x) = -x**3 - 2*x - 3*x**3 + 3*x**3 + 7*x**2. List the prime factors of w(m).
2, 3
Suppose 4*a - 48 - 8 = 0. What are the prime factors of a?
2, 7
Let p(h) = -5*h - 4. Let y = -10 - -5. What are the prime factors of p(y)?
3, 7
Let k be (30/(-25))/(3/(-10)). Suppose k*t + t = -30. Let z = t + 10. What are the prime factors of z?
2
Let j = -6 - -2. Suppose 3*m = -1 + 4. Let l = m - j. List the prime factors of l.
5
What are the prime factors of (-2 + 5 - 6) + 19?
2
What are the prime factors of (60/45)/(2/45)?
2, 3, 5
Suppose 6 = 5*w - 9. Suppose -8*r = -4*r. Suppose 0 = -4*y + 3*v + 28, 2*y + w*v - 2 + 6 = r. What are the prime factors of y?
2
Suppose -3*n = 3*n + 30. Let t(r) = -r**2 - 3. Let l be t(-3). Let a = n - l. List the prime factors of a.
7
What are the prime factors of ((-45)/(-15))/(3/82)?
2, 41
Let t = 177 + -80. What are the prime factors of t?
97
Let m(s) = -8*s + 6*s + s + 10 + 2*s. What are the prime factors of m(-5)?
5
Let a be (-13 + -3)*(-10)/8. Suppose -k = 3*i - a, -i + 6*k = 4*k - 2. List the prime factors of i.
2, 3
Let m(v) = -v**3 - 4*v**2 - 6*v + 5. Let f = 5 - 3. Let h(q) = 2*q**3 + 3*q**2 + 6*q - 5. Let r(t) = f*h(t) + 3*m(t). What are the prime factors of r(7)?
2, 3
Let n(g) = g**2 + 3*g - 19. List the prime factors of n(8).
3, 23
Suppose 3 + 0 = -3*x. Let r = 6 + x. Let l(n) = n**2 - 3*n - 1. List the prime factors of l(r).
3
Suppose n - 623 = -5*t, -5*n = -2*t - 0*n + 233. Suppose -4*d - 16 = -y, -4*y + 0*d - 5*d + 106 = 0. Suppose -5*s = -t + y. What are the prime factors of s?
2, 5
Let b = -52 - -84. Suppose -2*f + 10 = -0*f. Suppose 0 = -f*r + 23 + b. List the prime factors of r.
11
What are the prime factors of (471/9 - 2/(-3))*1?
53
Let z(a) = 3*a**3 + 6*a**2 - a - 4. Let b be z(-4). List the prime factors of b/(-10) + 14/35.
2, 5
Let o be 4 + 3 + 0 + -3. Suppose -p + 6*p - 25 = 5*u, -u = o*p - 25. Let d(s) = 2*s + 7. What are the prime factors of d(p)?
19
Suppose -2*t + 8 = -m - 2*m, 0 = -3*t + 5*m + 11. What are the prime factors of t?
7
Suppose -2*g - 5*o = -25, g = 2*g + 5*o - 15. Let a be g/(0 - (0 - -1)). What are the prime factors of ((-3)/2)/(3/a)?
5
Let y = -4 - -10. Suppose 0 = -2*d + y*d + 96. Let m = -9 - d. What are the prime factors of m?
3, 5
Suppose 0 = -12*p + 16*p - 84. List the prime factors of p.
3, 7
Suppose 4*i + 2*o = 6*i + 6, -2*i + o - 3 = 0. Let n be (0 - 1)*i - -4. Suppose -3*g - 4 = -n*f - 3, -4*f + 21 = g. What are the prime factors of g?
5
Let h(d) be the first derivative of 10*d**3/3 - d**2/2 + 1. List the prime factors of h(-1).
11
Suppose -23 = -5*q + 4*u - 0, 2 = 4*q + 5*u. Suppose -q*o + 96 = -0*o. List the prime factors of o.
2
Let y(c) = -5*c - 13. List the prime factors of y(-7).
2, 11
Let j(g) = g**3 - 15*g**2 + 18*g - 30. List the prime factors of j(15).
2, 3, 5
Let y = -28 + 54. List the prime factors of y.
2, 13
Let y be (12/(-15))/((-2)/100). Let i = y - 24. What are the prime factors of i?
2
Let w = 14 - 14. Suppose l = -w*l + 23. What are the prime factors of l?
23
Suppose 3*c - 20 = -2*c. Suppose -c*g - 3 = -3*r, g - 2*r = -r - 2. Let h = 8 - g. List the prime factors of h.
5
Suppose 5*u - 5*w = 25, 0 = 6*u - 5*u + 3*w - 9. Suppose 0 = 3*p + 3*k - 51, 3*k = p + 5*k - 14. Suppose -y = u - p. What are the prime factors of y?
2, 7
Let o(w) = -w**2 - w. Let k be o(-1). Suppose k = 2*u + 2*u + 4. Let r = u + 13. What are the prime factors of r?
2, 3
Suppose -9 + 171 = 3*m. Suppose 0 = 2*h + 5*v - m, -3*v + 2 = -4*v. Suppose -3*k - k = -g + h, 4*g = 5*k + 84. What are the prime factors of g?
2
Suppose -2*b + 2*c = -2*c - 218,